?
False
Does 54 divide 14472?
True
Is 23305 a multiple of 40?
False
Is 116 a factor of 4060?
True
Does 13 divide 438?
False
Does 12 divide 1716?
True
Is 22 a factor of 242?
True
Is 20 a factor of 49871?
False
Does 10 divide 283?
False
Is 1051 a multiple of 15?
False
Is 305 a factor of 133149?
False
Does 31 divide 1744?
False
Is 1296 a multiple of 36?
True
Does 15 divide 7350?
True
Is 89891 a multiple of 7?
False
Does 6 divide 8021?
False
Does 119 divide 1107?
False
Is 859 a multiple of 15?
False
Does 151 divide 3539?
False
Is 14572 a multiple of 212?
False
Is 2299 a multiple of 19?
True
Is 3219 a multiple of 37?
True
Does 3 divide 507?
True
Does 100 divide 3400?
True
Does 9 divide 771?
False
Does 4 divide 202?
False
Is 1177 a multiple of 12?
False
Is 23912 a multiple of 122?
True
Is 22 a factor of 11572?
True
Is 6 a factor of 9?
False
Does 5 divide 480?
True
Is 119 a multiple of 12?
False
Is 779 a multiple of 41?
True
Is 155 a factor of 16275?
True
Is 53 a multiple of 36?
False
Is 22 a factor of 579?
False
Is 43 a factor of 55083?
True
Does 99 divide 5742?
True
Is 1621 a multiple of 70?
False
Is 2910 a multiple of 2?
True
Is 14 a factor of 3887?
False
Is 8 a factor of 781?
False
Is 461 a multiple of 45?
False
Is 3888 a multiple of 9?
True
Is 112 a factor of 4928?
True
Does 19 divide 152?
True
Does 18 divide 1350?
True
Does 21 divide 4454?
False
Does 119 divide 2148?
False
Is 206 a multiple of 58?
False
Is 15384 a multiple of 12?
True
Is 9 a factor of 981?
True
Does 5 divide 10259?
False
Is 2 a factor of 2433?
False
Is 5 a factor of 395?
True
Does 32 divide 3304?
False
Is 47 a factor of 1028?
False
Does 61 divide 4697?
True
Does 11 divide 16565?
False
Is 20 a factor of 1180?
True
Is 3104 a multiple of 49?
False
Is 64 even?
True
Is 3409 a multiple of 7?
True
Is 4284 a multiple of 17?
True
Is 15 a factor of 15983?
False
Is 81 a factor of 5878?
False
Is 61 a factor of 1342?
True
Is 2690 a multiple of 11?
False
Does 34 divide 505?
False
Does 93 divide 1160?
False
Is 10 a factor of 1922?
False
Is 28 a factor of 5199?
False
Is 79 a factor of 22009?
False
Is 11 a factor of 54032?
True
Is 24 a factor of 1944?
True
Is 205 a multiple of 38?
False
Is 98457 a multiple of 230?
False
Does 6 divide 2730?
True
Is 51786 a multiple of 15?
False
Is 652 a multiple of 2?
True
Does 42 divide 5722?
False
Is 46 a factor of 22980?
False
Is 49 a factor of 5047?
True
Is 3644 a multiple of 6?
False
Does 118 divide 1869?
False
Does 208 divide 17699?
False
Does 34 divide 984?
False
Is 14795 a multiple of 20?
False
Is 36456 a multiple of 62?
True
Is 7 a factor of 6361?
False
Does 12 divide 85?
False
Does 16 divide 1109?
False
Is 79672 a multiple of 46?
True
Is 5 a factor of 855?
True
Is 56 a factor of 4704?
True
Is 6 a factor of 60?
True
Does 11 divide 14311?
True
Is 988 a multiple of 4?
True
Is 120 a factor of 21564?
False
Does 2 divide 273?
False
Is 23 a factor of 467?
False
Is 14 a factor of 949?
False
Is 13380 a multiple of 15?
True
Is 4 a factor of 924?
True
Is 123448 a multiple of 52?
True
Does 3 divide 2688?
True
Does 7 divide 329?
True
Does 2 divide 587?
False
Does 46 divide 690?
True
Does 37 divide 12062?
True
Does 21 divide 39616?
False
Is 42171 a multiple of 10?
False
Is 7 a factor of 12616?
False
Is 432 a multiple of 12?
True
Does 17 divide 5168?
True
Is 485 a multiple of 4?
False
Does 8 divide 797?
False
Is 40 a factor of 2240?
True
Is 1176 a multiple of 49?
True
Is 7104 a multiple of 16?
True
Does 18 divide 1152?
True
Is 43 a factor of 817?
True
Is 23 a factor of 238?
False
Is 19229 a multiple of 41?
True
Is 1185 a multiple of 79?
True
Does 18 divide 1062?
True
Is 1899 a multiple of 12?
False
Is 17 a factor of 29210?
False
Is 95 a factor of 20457?
False
Is 7 a factor of 754?
False
Is 7 a factor of 1330?
True
Is 15432 a multiple of 259?
False
Does 2 divide 16?
True
Is 20 a factor of 3100?
True
Is 1375 a multiple of 102?
False
Is 36 a factor of 8438?
False
Is 6068 a multiple of 31?
False
Is 140 a multiple of 14?
True
Does 112 divide 5192?
False
Is 48276 a multiple of 149?
True
Is 740 a multiple of 7?
False
Is 141 a factor of 28341?
True
Does 45 divide 14177?
False
Is 2160 a multiple of 40?
True
Does 75 divide 1950?
True
Is 470 a multiple of 5?
True
Is 665 a multiple of 5?
True
Is 157 a factor of 5966?
True
Is 2615 a multiple of 5?
True
Does 17 divide 68?
True
Is 33 a factor of 66?
True
Is 20709 a multiple of 14?
False
Is 69 a factor of 6348?
True
Does 84 divide 1363?
False
Is 4 a factor of 544?
True
Is 42420 a multiple of 10?
True
Is 689 a multiple of 8?
False
Is 32 a factor of 11360?
True
Is 11 a factor of 3385?
False
Does 21 divide 5173?
False
Is 2160 a multiple of 19?
False
Is 52 a factor of 51584?
True
Is 16539 a multiple of 8?
False
Does 6 divide 162?
True
Is 11 a factor of 6432?
False
Is 3360 a multiple of 12?
True
Is 849 a multiple of 5?
False
Is 21224 a multiple of 17?
False
Is 23657 a multiple of 66?
False
Is 17 a factor of 4964?
True
Is 18 a factor of 5256?
True
Is 18 a factor of 126?
True
Is 51 a factor of 204?
True
Is 20 a factor of 300?
True
Is 146 a factor of 36035?
False
Is 10765 a multiple of 32?
False
Is 406 a multiple of 12?
False
Is 1770 a multiple of 177?
True
Is 39 a factor of 553?
False
Is 34 a factor of 1190?
True
Does 4 divide 4?
True
Does 24 divide 1035?
False
Is 5 a factor of 3430?
True
Is 1575 a multiple of 75?
True
Does 23 divide 184?
True
Is 45 a factor of 54562?
False
Is 22 a factor of 1638?
False
Is 9 a factor of 1863?
True
Is 80 a factor of 30480?
True
Is 5286 a multiple of 5?
False
Is 348 a multiple of 11?
False
Is 577 a multiple of 28?
False
Does 7 divide 16247?
True
Is 37 a factor of 33899?
False
Is 336 a multiple of 30?
False
Is 3 a factor of 4559?
False
Is 6413 a multiple of 3?
False
Is 147 a factor of 1959?
False
Is 13 a factor of 89856?
True
Is 20068 a multiple of 29?
True
Is 282 a factor of 68413?
False
Does 16 divide 46848?
True
Is 4 a factor of 142?
False
Is 11523 a multiple of 69?
True
Is 78 a factor of 18937?
False
Does 5 divide 2345?
True
Is 99 a multiple of 9?
True
Does 17 divide 28713?
True
Does 119 divide 17141?
False
Is 14 a factor of 10108?
True
Is 1456 a multiple of 14?
True
Does 26 divide 5020?
False
Does 46 divide 713?
False
Is 3 a factor of 354?
True
Does 23 divide 119?
False
Is 7 a factor of 2642?
False
Is 15 a factor of 294?
False
Does 6 divide 171?
False
Is 5 a factor of 610?
True
Does 16 divide 30612?
False
Is 850 a multiple of 66?
False
Is 6308 a multiple of 150?
False
Is 7 a factor of 2235?
False
Does 47 divide 2234?
False
Is 277 a factor of 30193?
True
Is 4185 a multiple of 27?
True
Is 4 a factor of 5024?
True
Does 22 divide 47300?
True
Is 29 a factor of 58406?
True
Is 84 a factor of 6538?
False
Is 681 a multiple of 14?
False
Is 4 a factor of 160?
True
Is 904 a multiple of 11?
False
Does 26 divide 136?
False
Is 34 a factor of 1496?
True
Is 66 a multiple of 3?
True
Is 67 a factor of 5025?
True
Is 95 a factor of 6924?
False
Does 131 divide 30392?
True
Is 50 a factor of 701?
False
Is 30 a factor of 6120?
True
Is 10 a factor of 509?
False
Does 57 divide 3062?
False
Does 25 divide 4245?
False
Does 11 divide 1802?
False
Is 440 a multiple of 11?
True
Does 10 divide 1108?
False
Does 159 divide 7155?
True
Is 4521 a multiple of 5?
False
Is 504 a multiple of 25?
False
Does 16 divide 1907?
False
Does 196 divide 7448?
True
Is 2 a factor of 1146?
True
Does 173 divide 51079?
False
Is 2165 even?
False
Is 283 a factor of 78122?
False
Does 20 divide 18153?
False
Is 5 a factor of 652?
False
Is 304 a multiple of 6?
False
Is 16009 a multiple of 9?
False
Does 8 divide 13701?
False
Does 55 divide 4447?
False
Is 12 a factor of 4340?
False
Is 37696 a multiple of 81?
False
Does 55 divide 62370?
True
Does 67 divide 2546?
True
Is 12875 a multiple of 125?
True
Is 34 a factor of 11560?
True
Is 10 a factor of 2860?
True
Is 567 a multiple of 21?
True
Is 2 a factor of 1410?
True
Is 9 a factor of 2088?
True
Is 75 a factor of 5025?
True
Is 38623 a multiple of 8?
False
Does 19 divide 4113?
False
Is 1360 a multiple of 34?
True
Does 12 divide 1046?
False
Is 3208 a multiple of 22?
False
Is 7938 a multiple of 98?
True
Is 72 a factor of 1412?
False
Does 18 divide 1861?
False
Is 7 a factor of 2980?
False
Is 10 a factor of 330?
True
Is 27 a